est common divisor of 5 and p?
5
Let u be (-2)/8 + 205/20. Let l be (3/2)/((-4)/24). Let o = -7 - l. What is the highest common factor of o and u?
2
Let i(n) = -n**3 - 15*n**2 - 3*n - 3. Let p be i(-15). Calculate the highest common factor of 28 and p.
14
Suppose 0 = -3*n - n. Suppose n*f + 82 = 2*f. Suppose f = 4*o + 1. Calculate the highest common factor of o and 4.
2
Suppose 6*h = h + 25. Suppose 2*j - 3*f + 2*f = h, 3*j - 2*f - 9 = 0. Suppose l - 8 = -j. Calculate the highest common factor of l and 7.
7
Let l be (0 - 0) + 0 + 3. Let o(t) = -t + 1. Let x = 6 - 8. Let w be o(x). What is the greatest common factor of w and l?
3
Suppose -k + 3*f = f - 10, -4*f + 28 = 2*k. Let b be k/(3/3 - 0). Let l = b - 0. Calculate the highest common factor of l and 12.
12
Let d(f) = -3 - 11*f + 2 + 10*f**2 + 7*f. Let y be d(3). Calculate the highest common factor of 11 and y.
11
Suppose 5*n - 3*n = -3*g + 70, -g - 3*n = -28. Suppose 3*k + 3*d = 12, k - 2*d = d - 4. Calculate the highest common factor of k and g.
2
Suppose 0 = -13*b + 14*b - 6. What is the highest common factor of b and 42?
6
Suppose 8 = w - 1. What is the greatest common factor of 36 and w?
9
Suppose -q - 12 = -3*x, -2*x + 3*q = 4*q - 8. Let j(l) = -l + 8. Suppose 0*g + 30 = 5*g. Let w be j(g). Calculate the highest common factor of w and x.
2
Let b(s) = -s + 2. Let o = 8 - 1. Let j be b(o). Let t = 6 + j. What is the greatest common factor of 9 and t?
1
Let b = 16 + -10. Let j be (-71)/(-3) + (-2)/(-6). What is the highest common divisor of b and j?
6
Let a = -52 - -88. Let u be (-2)/(-9) - (-532)/a. What is the highest common factor of 5 and u?
5
Let f(x) = 2*x - 2. Let p be f(7). Let c be p/(-10)*(-10)/4. Suppose 0 = 4*b - c*b - 14. What is the highest common factor of 21 and b?
7
Suppose 25 + 74 = s. What is the highest common divisor of s and 9?
9
Let h = -16 + 19. Suppose 0 = h*r - 5*r + 42. Calculate the greatest common factor of r and 42.
21
Suppose -p - 4*t + 208 = 0, 32*p - 971 = 27*p + 3*t. Suppose 4*a = -4*l + 108, l - 4*a + 2*a - 30 = 0. What is the highest common factor of l and p?
28
Let o = 10 - 4. Calculate the greatest common factor of 18 and o.
6
Let i = -394 + 558. Suppose 3*o = -j + 149, 0 = o - 4*o - 4*j + i. Let y = 29 + -17. Calculate the highest common factor of o and y.
12
Suppose 3*d = 5*j + 69, -d - 24 = -2*d + 2*j. Calculate the highest common factor of 198 and d.
18
Let n(x) = 16*x - 8 + 1 + 9. Let o be n(10). Calculate the greatest common divisor of o and 18.
18
Let y(d) = -17*d - 3. Let v be y(-3). Suppose -2*i - 2*c = -152, 3*i - c = -3*c + 224. What is the greatest common factor of v and i?
24
Let o be (4/(-2))/2*(-82 - 5). Calculate the greatest common divisor of 58 and o.
29
Suppose -2*x - 4 = -4*x. Suppose -5*y + 10 = x*c, 3*y - 4 + 10 = 0. What is the highest common factor of 70 and c?
10
Suppose -5*r - 10 = 5*q, -r = 2*r - 5*q - 34. Suppose -4*i = r*l - 252, -76 = -l - i - 3*i. Calculate the highest common factor of 11 and l.
11
Let c = -5 - -7. Let s be 7*(-3 - -5)/c. Calculate the highest common factor of 14 and s.
7
Let z(r) = r + 26. Let c be z(7). Calculate the greatest common divisor of c and 363.
33
Suppose 3*f + 5*v = 32, 0*v - 5*v + 36 = 4*f. What is the greatest common divisor of 20 and f?
4
Let u be (-32)/(-18) + 6/27. Suppose 4*f = g + 35, 0*g - 3*g = u*f - 35. What is the greatest common divisor of f and 30?
10
Let g = -11 - -39. Suppose 0 = -7*c + 5*c + g. What is the highest common factor of 14 and c?
14
Let b(y) = 2*y**2 - 5. Let k be b(-5). Suppose -i + 0*i - k = 0. Let l = -25 - i. What is the greatest common factor of 30 and l?
10
Suppose -3*h + 31 + 40 = 5*n, 3*h = -4*n + 55. What is the greatest common factor of n and 16?
16
Let f be 144/10 + (-6)/15. Calculate the highest common factor of f and 56.
14
Let p = 84 - 54. Suppose -m - 10 = -25. Calculate the highest common factor of m and p.
15
Let k(j) = -j**3 - 8*j**2 - 9*j - 9. Let v be k(-7). Suppose -v*q - 56 = -4*g, 0 = -3*g + q + q + 42. Calculate the highest common factor of 28 and g.
14
Let u(w) = 3*w**2 + 4*w + 3. Let x be u(-2). Let g(j) = -1 - 3*j**2 + j**3 - j**2 - j**2 + x*j. Let t be g(6). What is the greatest common divisor of 7 and t?
7
Suppose 4*u + 6 = 2*u. Let f be (12/5)/(u/(-10)). Calculate the highest common divisor of f and 12.
4
Suppose 0 = -g + 4*g + 27. Let b = -5 - g. Suppose -3*i + 0*u - 5*u = -43, b*i - 29 = -u. What is the highest common factor of 36 and i?
6
Let b(q) = 2*q**2 - 6*q - 3. Let j be b(5). Suppose -68 = -6*v + 4*v. Calculate the highest common factor of v and j.
17
Let h(t) = t**3 - 2*t**2 - t - 2. Let w be h(3). Let c be 8/(((-6)/(-3))/w). What is the greatest common factor of 24 and c?
8
Let j = 1 - -3. Suppose 0 = -5*f - 15, -u - 4*f - 14 = -46. Calculate the greatest common factor of j and u.
4
Let c be -8*(0 - 2 - 9). Let d(o) = o**3 - 10*o**2 + 11. Let r be d(10). Calculate the greatest common factor of r and c.
11
Suppose -u = -69 + 17. Let d = u - 89. Let y = d - -52. What is the highest common factor of 105 and y?
15
Let u(r) = -r + 7. Let n be u(5). What is the highest common factor of 8 and n?
2
Let s = 286 - 198. Calculate the greatest common divisor of s and 8.
8
Let j = 4 + 2. Let w = j - -8. Let k be 4/3 + (-8)/(-12). What is the highest common divisor of w and k?
2
Let x = 41 + 190. Let s be 0/(-2) + (-42)/(-2). What is the greatest common divisor of x and s?
21
Let f(h) = -h**2 + 6*h - 4. Let p be f(4). Suppose 4*c + 0*c - p*l = 4, -l = 4*c - 24. What is the highest common divisor of 10 and c?
5
Let z = -22 - -42. Let v be (12/(-10))/((-6)/z). Suppose -5*w - 24 = o - 8, -4*o + v*w + 56 = 0. Calculate the greatest common divisor of 9 and o.
9
Let t(g) = 2*g**2 - g - 4. Suppose -2*o + 0 = -4. Suppose 0 = -o*p + 2 + 6. Let j be t(p). Calculate the highest common divisor of 4 and j.
4
Let t = 11 - -16. Let s = 52 - t. Calculate the highest common factor of 5 and s.
5
Suppose 0 = -2*h - 2, 4*o - 2*h - 137 = 57. What is the highest common factor of 32 and o?
16
Suppose -2*o + 5*o - 18 = 0. Let b = o + 4. Suppose 3*u = u + 30. Calculate the greatest common divisor of b and u.
5
Suppose 0 = -5*u - 4*p + 46 - 3, -5*u + 41 = 3*p. Suppose 0 = -c + 57 - u. What is the greatest common divisor of c and 10?
10
Suppose -5*d = 3*f - 195, 2*d - f - 215 = -3*d. What is the highest common divisor of d and 42?
42
Suppose -5*v - 5*n = -175, 2*v - 70 = n - 0*n. What is the greatest common factor of 14 and v?
7
Let i be 9 - 1 - (10 + -7). Suppose -i*x + 3*n = -18, -2*x + 3*n + 5 = 4*n. What is the greatest common divisor of 33 and x?
3
Let t be (-1 - 18/(-8))*4. Suppose h + 0*h = -5*i - 10, 7 = -h - 4*i. Suppose -w + 4 = 0, 2*w + w = -h*d + 22. Calculate the greatest common factor of t and d.
1
Suppose -11 + 2 = -3*j. Suppose j*r + 42 = 12. Let x = r - -18. What is the highest common factor of 40 and x?
8
Let l(y) = -y**3 - y**2 + y + 3. Let x be l(0). Suppose x + 14 = t. What is the highest common factor of t and 136?
17
Let g be -6 + (-2)/(6/(-9)). Let x be (-26)/g + 1/3. Suppose 2*z = -2*z - 2*h + 34, 41 = 4*z - 5*h. Calculate the highest common factor of z and x.
9
Let y be (5 - 1)/(3/6). What is the greatest common divisor of y and 104?
8
Let g(v) = 13*v**2 + v. Let x be g(-1). Let h = 54 + x. Suppose 2*k + 16 = 5*q - 6, q - 26 = -5*k. Calculate the highest common divisor of h and q.
6
Let o = 17 - 9. Let y be (0 + -1)*6*32/(-24). Calculate the greatest common factor of y and o.
8
Let l = -124 - -134. What is the greatest common divisor of l and 2?
2
Let a be 16 + (1 - 9/(-3)). Let z = -299 - -439. What is the highest common factor of a and z?
20
Suppose 0 = 4*n - 5*x - 47, -3*n + 82 - 13 = 3*x. Suppose -u - s = 2*s - 8, -4*u = -2*s - n. Calculate the highest common factor of u and 25.
5
Let g = 43 + -34. What is the highest common divisor of 63 and g?
9
Suppose -8 - 7 = 5*d, h + 5*d - 167 = 0. What is the greatest common factor of h and 52?
26
Let a be ((37 - 1) + -5)/((-2)/(-4)). Calculate the highest common divisor of 155 and a.
31
Suppose -20 = 5*a - 2*a - 5*b, 2*a - 16 = -4*b. Suppose -c + 12 = -a*c. Calculate the greatest common factor of 108 and c.
12
Suppose 0 = -3*q + 61 + 41. Suppose -2*s + 38 = -q. Calculate the highest common